{"id":22,"date":"2025-10-15T08:11:43","date_gmt":"2025-10-15T08:11:43","guid":{"rendered":"http:\/\/reflexo.cluster100.hosting.ovh.net\/?page_id=22"},"modified":"2026-04-02T12:55:04","modified_gmt":"2026-04-02T12:55:04","slug":"tarifs","status":"publish","type":"page","link":"https:\/\/reflexomagnetique.com\/index.php\/tarifs\/","title":{"rendered":"Tarifs"},"content":{"rendered":"\t\t<div data-elementor-type=\"wp-post\" data-elementor-id=\"22\" class=\"elementor elementor-22\">\n\t\t\t\t<div class=\"elementor-element elementor-element-2deb77c e-flex e-con-boxed e-con e-parent\" data-id=\"2deb77c\" data-element_type=\"container\" data-e-type=\"container\">\n\t\t\t\t\t<div class=\"e-con-inner\">\n\t\t\t\t<div class=\"elementor-element elementor-element-4556274 elementor-widget elementor-widget-text-editor\" data-id=\"4556274\" data-element_type=\"widget\" data-e-type=\"widget\" data-widget_type=\"text-editor.default\">\n\t\t\t\t\t\t\t\t\t<h2><strong>Tarifs accompagnements et massages anti-stress<\/strong><\/h2>\t\t\t\t\t\t\t\t<\/div>\n\t\t\t\t\t<\/div>\n\t\t\t\t<\/div>\n\t\t<div class=\"elementor-element elementor-element-73bbf2c e-flex e-con-boxed e-con e-parent\" data-id=\"73bbf2c\" data-element_type=\"container\" data-e-type=\"container\">\n\t\t\t\t\t<div class=\"e-con-inner\">\n\t\t<div class=\"elementor-element elementor-element-b96649c e-con-full e-flex e-con e-child\" data-id=\"b96649c\" data-element_type=\"container\" data-e-type=\"container\">\n\t\t\t\t<div class=\"elementor-element elementor-element-c846928 elementor-widget elementor-widget-text-editor\" data-id=\"c846928\" data-element_type=\"widget\" data-e-type=\"widget\" data-widget_type=\"text-editor.default\">\n\t\t\t\t\t\t\t\t\t<h2><a href=\"https:\/\/reflexomagnetique.com\/index.php\/consultation-enfants-adultes\/\">Accompagnements sp\u00e9cialis\u00e9s<\/a><\/h2><h2><a href=\"https:\/\/reflexomagnetique.com\/index.php\/consultation-enfants-adultes\/\">enfants et adultes<\/a><\/h2><p>Stress- Douleurs chroniques &#8211; Mauvais sommeil &#8211; probl\u00e8mes digestifs &#8211; douleurs ou g\u00eanes persistantes apr\u00e8s op\u00e9ration ou blessures<\/p><p>Les 3 premi\u00e8res consultations sont espac\u00e9es de 1 semaine \u00e0 10 jours pour augmenter le potentiel des s\u00e9ances.<\/p><p><span style=\"text-decoration: underline;\"><strong>Tarif adultes<\/strong><\/span><\/p><p>1\u00e8re consultation : 70\u20ac<\/p><p>Consultations de suivi : 50\u20ac<\/p><p><span style=\"text-decoration: underline;\"><strong>Tarif unique enfants\/adolescents :<\/strong><\/span> 40\u20ac<\/p>\t\t\t\t\t\t\t\t<\/div>\n\t\t\t\t<\/div>\n\t\t<div class=\"elementor-element elementor-element-c5e33af e-con-full e-flex e-con e-child\" data-id=\"c5e33af\" data-element_type=\"container\" data-e-type=\"container\">\n\t\t\t\t<div class=\"elementor-element elementor-element-edd889c elementor-widget elementor-widget-image\" data-id=\"edd889c\" data-element_type=\"widget\" data-e-type=\"widget\" data-widget_type=\"image.default\">\n\t\t\t\t\t\t\t\t\t\t\t\t\t\t\t<img fetchpriority=\"high\" decoding=\"async\" width=\"900\" height=\"754\" src=\"https:\/\/reflexomagnetique.com\/wp-content\/uploads\/2025\/10\/consultation.webp\" class=\"attachment-large size-large wp-image-208\" alt=\"\" srcset=\"https:\/\/reflexomagnetique.com\/wp-content\/uploads\/2025\/10\/consultation.webp 940w, https:\/\/reflexomagnetique.com\/wp-content\/uploads\/2025\/10\/consultation-300x251.webp 300w, https:\/\/reflexomagnetique.com\/wp-content\/uploads\/2025\/10\/consultation-768x644.webp 768w\" sizes=\"(max-width: 900px) 100vw, 900px\" \/>\t\t\t\t\t\t\t\t\t\t\t\t\t\t\t<\/div>\n\t\t\t\t<div class=\"elementor-element elementor-element-b9efd8f elementor-align-center elementor-widget elementor-widget-button\" data-id=\"b9efd8f\" data-element_type=\"widget\" data-e-type=\"widget\" data-widget_type=\"button.default\">\n\t\t\t\t\t\t\t\t\t\t<a class=\"elementor-button elementor-button-link elementor-size-sm\" href=\"https:\/\/www.sumupbookings.com\/cynthialagadecreflexo\">\n\t\t\t\t\t\t<span class=\"elementor-button-content-wrapper\">\n\t\t\t\t\t\t\t\t\t<span class=\"elementor-button-text\">Votre consultation de r\u00e9flexologie<\/span>\n\t\t\t\t\t<\/span>\n\t\t\t\t\t<\/a>\n\t\t\t\t\t\t\t\t<\/div>\n\t\t\t\t<\/div>\n\t\t\t\t\t<\/div>\n\t\t\t\t<\/div>\n\t\t<div class=\"elementor-element elementor-element-b1049ae e-flex e-con-boxed e-con e-parent\" data-id=\"b1049ae\" data-element_type=\"container\" data-e-type=\"container\">\n\t\t\t\t\t<div class=\"e-con-inner\">\n\t\t\t\t<div class=\"elementor-element elementor-element-7f17953 elementor-widget-divider--view-line elementor-widget elementor-widget-divider\" data-id=\"7f17953\" data-element_type=\"widget\" data-e-type=\"widget\" data-widget_type=\"divider.default\">\n\t\t\t\t\t\t\t<div class=\"elementor-divider\">\n\t\t\t<span class=\"elementor-divider-separator\">\n\t\t\t\t\t\t<\/span>\n\t\t<\/div>\n\t\t\t\t\t\t<\/div>\n\t\t\t\t\t<\/div>\n\t\t\t\t<\/div>\n\t\t<div class=\"elementor-element elementor-element-818af2f e-flex e-con-boxed e-con e-parent\" data-id=\"818af2f\" data-element_type=\"container\" data-e-type=\"container\">\n\t\t\t\t\t<div class=\"e-con-inner\">\n\t\t<div class=\"elementor-element elementor-element-4951dae e-con-full e-flex e-con e-child\" data-id=\"4951dae\" data-element_type=\"container\" data-e-type=\"container\">\n\t\t\t\t<div class=\"elementor-element elementor-element-71d059d elementor-widget elementor-widget-image\" data-id=\"71d059d\" data-element_type=\"widget\" data-e-type=\"widget\" data-widget_type=\"image.default\">\n\t\t\t\t\t\t\t\t\t\t\t\t\t\t\t<img decoding=\"async\" width=\"900\" height=\"744\" src=\"https:\/\/reflexomagnetique.com\/wp-content\/uploads\/2025\/11\/femme-qui-sourie.jpg\" class=\"attachment-large size-large wp-image-1084\" alt=\"\" srcset=\"https:\/\/reflexomagnetique.com\/wp-content\/uploads\/2025\/11\/femme-qui-sourie.jpg 940w, https:\/\/reflexomagnetique.com\/wp-content\/uploads\/2025\/11\/femme-qui-sourie-300x248.jpg 300w, https:\/\/reflexomagnetique.com\/wp-content\/uploads\/2025\/11\/femme-qui-sourie-768x635.jpg 768w\" sizes=\"(max-width: 900px) 100vw, 900px\" \/>\t\t\t\t\t\t\t\t\t\t\t\t\t\t\t<\/div>\n\t\t\t\t<div class=\"elementor-element elementor-element-4238828 elementor-widget elementor-widget-image\" data-id=\"4238828\" data-element_type=\"widget\" data-e-type=\"widget\" data-widget_type=\"image.default\">\n\t\t\t\t\t\t\t\t\t\t\t\t\t\t\t<img decoding=\"async\" width=\"626\" height=\"740\" src=\"https:\/\/reflexomagnetique.com\/wp-content\/uploads\/2025\/11\/homme-qui-medite.jpg\" class=\"attachment-large size-large wp-image-985\" alt=\"\" srcset=\"https:\/\/reflexomagnetique.com\/wp-content\/uploads\/2025\/11\/homme-qui-medite.jpg 626w, https:\/\/reflexomagnetique.com\/wp-content\/uploads\/2025\/11\/homme-qui-medite-254x300.jpg 254w\" sizes=\"(max-width: 626px) 100vw, 626px\" \/>\t\t\t\t\t\t\t\t\t\t\t\t\t\t\t<\/div>\n\t\t\t\t<\/div>\n\t\t<div class=\"elementor-element elementor-element-654cd3b e-con-full e-flex e-con e-child\" data-id=\"654cd3b\" data-element_type=\"container\" data-e-type=\"container\">\n\t\t\t\t<div class=\"elementor-element elementor-element-2dec289 elementor-widget elementor-widget-text-editor\" data-id=\"2dec289\" data-element_type=\"widget\" data-e-type=\"widget\" data-widget_type=\"text-editor.default\">\n\t\t\t\t\t\t\t\t\t<h2><a href=\"https:\/\/reflexomagnetique.com\/index.php\/reflexologie-relaxation\/\">Les massages anti-stress R\u00e9flexo&rsquo;magn\u00e9tique<\/a><\/h2><p>Ces massages produisent un effet global et durable d&rsquo;apaisement. Ils agissent directement sur le stress accumul\u00e9 de la t\u00eate aux pieds.<\/p><p>Voil\u00e0 mes diff\u00e9rents massages et mes conseils :\u00a0<\/p><ul><li><span style=\"text-decoration: underline;\">la r\u00e9flexologie plantaire<\/span>, pour avancer le pas l\u00e9ger<\/li><li><span style=\"text-decoration: underline;\">la r\u00e9flexologie palmaire<\/span> (mains), pour l\u00e2cher-prise en toute confiance<\/li><li><span style=\"text-decoration: underline;\">la r\u00e9flexologie du visage<\/span>, pour dissiper le brouillard mental,<\/li><li><span style=\"text-decoration: underline;\">la r\u00e9flexologie du dos<\/span>, pour dissoudre les couches de tensions<\/li><\/ul><p>S\u00e9ance 1 massage \u00ab\u00a0<strong>Un pas vers soi<\/strong>\u00a0\u00bb &#8211; 1h : 50\u20ac<\/p><p>S\u00e9ance 2 massages \u00ab\u00a0<strong>\u00e0 l&rsquo;\u00e9coute de soi<\/strong>\u00a0\u00bb &#8211; 1h30 : 75\u20ac<\/p><p>S\u00e9ance 3 massages+soin magn\u00e9tisme \u00ab\u00a0<strong>Nouveau d\u00e9part<\/strong>\u00a0\u00bb &#8211; 2h15 : 120\u20ac<\/p><p><strong>Possibilit\u00e9 d&rsquo;offrir ces s\u00e9ances en cartes cadeaux.<\/strong><\/p>\t\t\t\t\t\t\t\t<\/div>\n\t\t\t\t<div class=\"elementor-element elementor-element-f9eb34b elementor-align-center elementor-widget elementor-widget-button\" data-id=\"f9eb34b\" data-element_type=\"widget\" data-e-type=\"widget\" data-widget_type=\"button.default\">\n\t\t\t\t\t\t\t\t\t\t<a class=\"elementor-button elementor-button-link elementor-size-sm\" href=\"https:\/\/www.sumupbookings.com\/cynthialagadecreflexo\">\n\t\t\t\t\t\t<span class=\"elementor-button-content-wrapper\">\n\t\t\t\t\t\t\t\t\t<span class=\"elementor-button-text\">R\u00e9servez votre s\u00e9ance r\u00e9flexo'r\u00e9pit<\/span>\n\t\t\t\t\t<\/span>\n\t\t\t\t\t<\/a>\n\t\t\t\t\t\t\t\t<\/div>\n\t\t\t\t<\/div>\n\t\t\t\t\t<\/div>\n\t\t\t\t<\/div>\n\t\t<div class=\"elementor-element elementor-element-0c93492 e-flex e-con-boxed e-con e-parent\" data-id=\"0c93492\" data-element_type=\"container\" data-e-type=\"container\">\n\t\t\t\t\t<div class=\"e-con-inner\">\n\t\t\t\t<div class=\"elementor-element elementor-element-fa5f7d6 elementor-widget-divider--view-line elementor-widget elementor-widget-divider\" data-id=\"fa5f7d6\" data-element_type=\"widget\" data-e-type=\"widget\" data-widget_type=\"divider.default\">\n\t\t\t\t\t\t\t<div class=\"elementor-divider\">\n\t\t\t<span class=\"elementor-divider-separator\">\n\t\t\t\t\t\t<\/span>\n\t\t<\/div>\n\t\t\t\t\t\t<\/div>\n\t\t\t\t\t<\/div>\n\t\t\t\t<\/div>\n\t\t<div class=\"elementor-element elementor-element-a2143fa e-flex e-con-boxed e-con e-parent\" data-id=\"a2143fa\" data-element_type=\"container\" data-e-type=\"container\">\n\t\t\t\t\t<div class=\"e-con-inner\">\n\t\t\t\t<div class=\"elementor-element elementor-element-a23f1c8 elementor-widget elementor-widget-text-editor\" data-id=\"a23f1c8\" data-element_type=\"widget\" data-e-type=\"widget\" data-widget_type=\"text-editor.default\">\n\t\t\t\t\t\t\t\t\t<h2>Pour vos cartes cadeau, il suffit de me contacter directement au 06 82 00 35 16.<\/h2><p>Je pourrais vous les remettre directement au cabinet (paiement sur place) ou vous les adresser par e-mail (paiement via lien CB ou virement).<\/p><p><strong>Carte cadeau &#8211; Bon d&rsquo;achat<\/strong>. Vous souhaitez offrir une s\u00e9ance de relaxation mais vous h\u00e9sitez? En offrant un bon cadeau du montant de votre choix, vous ferez toujours le bon choix.\u00a0<\/p>\t\t\t\t\t\t\t\t<\/div>\n\t\t\t\t\t<\/div>\n\t\t\t\t<\/div>\n\t\t<div class=\"elementor-element elementor-element-01af0ae e-flex e-con-boxed e-con e-parent\" data-id=\"01af0ae\" data-element_type=\"container\" data-e-type=\"container\">\n\t\t\t\t\t<div class=\"e-con-inner\">\n\t\t\t\t<div class=\"elementor-element elementor-element-21ad9ad elementor-widget elementor-widget-image\" data-id=\"21ad9ad\" data-element_type=\"widget\" data-e-type=\"widget\" data-widget_type=\"image.default\">\n\t\t\t\t\t\t\t\t\t\t\t\t\t\t\t<img loading=\"lazy\" decoding=\"async\" width=\"768\" height=\"432\" src=\"https:\/\/reflexomagnetique.com\/wp-content\/uploads\/2025\/10\/carte-cadeau-2025-768x432.jpg\" class=\"attachment-medium_large size-medium_large wp-image-788\" alt=\"\" srcset=\"https:\/\/reflexomagnetique.com\/wp-content\/uploads\/2025\/10\/carte-cadeau-2025-768x432.jpg 768w, https:\/\/reflexomagnetique.com\/wp-content\/uploads\/2025\/10\/carte-cadeau-2025-300x169.jpg 300w, https:\/\/reflexomagnetique.com\/wp-content\/uploads\/2025\/10\/carte-cadeau-2025-1024x576.jpg 1024w, https:\/\/reflexomagnetique.com\/wp-content\/uploads\/2025\/10\/carte-cadeau-2025-1536x864.jpg 1536w, https:\/\/reflexomagnetique.com\/wp-content\/uploads\/2025\/10\/carte-cadeau-2025-2048x1152.jpg 2048w, https:\/\/reflexomagnetique.com\/wp-content\/uploads\/2025\/10\/carte-cadeau-2025-1800x1013.jpg 1800w, https:\/\/reflexomagnetique.com\/wp-content\/uploads\/2025\/10\/carte-cadeau-2025-1840x1035.jpg 1840w\" sizes=\"(max-width: 768px) 100vw, 768px\" \/>\t\t\t\t\t\t\t\t\t\t\t\t\t\t\t<\/div>\n\t\t\t\t\t<\/div>\n\t\t\t\t<\/div>\n\t\t<div class=\"elementor-element elementor-element-8890c59 e-flex e-con-boxed e-con e-parent\" data-id=\"8890c59\" data-element_type=\"container\" data-e-type=\"container\">\n\t\t\t\t\t<div class=\"e-con-inner\">\n\t\t\t\t<div class=\"elementor-element elementor-element-a9f6590 elementor-widget-divider--view-line elementor-widget elementor-widget-divider\" data-id=\"a9f6590\" data-element_type=\"widget\" data-e-type=\"widget\" data-widget_type=\"divider.default\">\n\t\t\t\t\t\t\t<div class=\"elementor-divider\">\n\t\t\t<span class=\"elementor-divider-separator\">\n\t\t\t\t\t\t<\/span>\n\t\t<\/div>\n\t\t\t\t\t\t<\/div>\n\t\t\t\t\t<\/div>\n\t\t\t\t<\/div>\n\t\t<div class=\"elementor-element elementor-element-cc042c3 e-flex e-con-boxed e-con e-parent\" data-id=\"cc042c3\" data-element_type=\"container\" data-e-type=\"container\">\n\t\t\t\t\t<div class=\"e-con-inner\">\n\t\t<div class=\"elementor-element elementor-element-b073a82 e-con-full e-flex e-con e-child\" data-id=\"b073a82\" data-element_type=\"container\" data-e-type=\"container\">\n\t\t\t\t<div class=\"elementor-element elementor-element-02d8f5b elementor-widget elementor-widget-text-editor\" data-id=\"02d8f5b\" data-element_type=\"widget\" data-e-type=\"widget\" data-widget_type=\"text-editor.default\">\n\t\t\t\t\t\t\t\t\t<p>Cynthia Lagadec<\/p><p>R\u00e9flexologue et magn\u00e9tiseuse<\/p>\t\t\t\t\t\t\t\t<\/div>\n\t\t\t\t<\/div>\n\t\t<div class=\"elementor-element elementor-element-64683c3 e-con-full e-flex e-con e-child\" data-id=\"64683c3\" data-element_type=\"container\" data-e-type=\"container\">\n\t\t\t\t<div class=\"elementor-element elementor-element-90ade04 elementor-widget elementor-widget-text-editor\" data-id=\"90ade04\" data-element_type=\"widget\" data-e-type=\"widget\" data-widget_type=\"text-editor.default\">\n\t\t\t\t\t\t\t\t\t<p>Cabinet R\u00e9flexo&rsquo;magn\u00e9tique<\/p><p>P\u00f4le Sant\u00e9 et Bien-\u00eatre. 6 route de Plabennec 29860 Kersaint Plabennec<\/p><p>Sur RDV au 06 82 00 35 16 ou via l&rsquo;agenda en ligne<\/p>\t\t\t\t\t\t\t\t<\/div>\n\t\t\t\t<\/div>\n\t\t\t\t\t<\/div>\n\t\t\t\t<\/div>\n\t\t<div class=\"elementor-element elementor-element-2e2a5ef e-flex e-con-boxed e-con e-parent\" data-id=\"2e2a5ef\" data-element_type=\"container\" data-e-type=\"container\">\n\t\t\t\t\t<div class=\"e-con-inner\">\n\t\t\t\t<div class=\"elementor-element elementor-element-de7a90a elementor-widget-divider--view-line elementor-widget elementor-widget-divider\" data-id=\"de7a90a\" data-element_type=\"widget\" data-e-type=\"widget\" data-widget_type=\"divider.default\">\n\t\t\t\t\t\t\t<div class=\"elementor-divider\">\n\t\t\t<span class=\"elementor-divider-separator\">\n\t\t\t\t\t\t<\/span>\n\t\t<\/div>\n\t\t\t\t\t\t<\/div>\n\t\t\t\t\t<\/div>\n\t\t\t\t<\/div>\n\t\t<div class=\"elementor-element elementor-element-88c2a85 e-grid e-con-boxed e-con e-parent\" data-id=\"88c2a85\" data-element_type=\"container\" data-e-type=\"container\">\n\t\t\t\t\t<div class=\"e-con-inner\">\n\t\t\t\t<div class=\"elementor-element elementor-element-0a60dae elementor-widget elementor-widget-text-editor\" data-id=\"0a60dae\" data-element_type=\"widget\" data-e-type=\"widget\" data-widget_type=\"text-editor.default\">\n\t\t\t\t\t\t\t\t\t<p><a href=\"https:\/\/reflexomagnetique.com\/index.php\/privacy-policy\/\">Politique de confidentialit\u00e9<\/a><\/p>\t\t\t\t\t\t\t\t<\/div>\n\t\t\t\t<div class=\"elementor-element elementor-element-fd23a39 elementor-widget elementor-widget-text-editor\" data-id=\"fd23a39\" data-element_type=\"widget\" data-e-type=\"widget\" data-widget_type=\"text-editor.default\">\n\t\t\t\t\t\t\t\t\t<p><a href=\"https:\/\/reflexomagnetique.com\/index.php\/privacy-policy\/\">Mentions l\u00e9gales<\/a><\/p>\t\t\t\t\t\t\t\t<\/div>\n\t\t\t\t<div class=\"elementor-element elementor-element-f0804cd elementor-widget elementor-widget-text-editor\" data-id=\"f0804cd\" data-element_type=\"widget\" data-e-type=\"widget\" data-widget_type=\"text-editor.default\">\n\t\t\t\t\t\t\t\t\t<p>Site r\u00e9alis\u00e9 par R\u00e9flexo&rsquo;magn\u00e9tique<\/p>\t\t\t\t\t\t\t\t<\/div>\n\t\t\t\t\t<\/div>\n\t\t\t\t<\/div>\n\t\t\t\t<\/div>\n\t\t","protected":false},"excerpt":{"rendered":"<p>Tarifs accompagnements et massages anti-stress Accompagnements sp\u00e9cialis\u00e9s enfants et adultes Stress- Douleurs chroniques &#8211; Mauvais sommeil &#8211; probl\u00e8mes digestifs &#8211; douleurs ou g\u00eanes persistantes apr\u00e8s [&#8230;]<\/p>\n","protected":false},"author":1,"featured_media":0,"parent":0,"menu_order":5,"comment_status":"closed","ping_status":"closed","template":"elementor_header_footer","meta":{"footnotes":""},"class_list":["post-22","page","type-page","status-publish","hentry"],"_links":{"self":[{"href":"https:\/\/reflexomagnetique.com\/index.php\/wp-json\/wp\/v2\/pages\/22","targetHints":{"allow":["GET"]}}],"collection":[{"href":"https:\/\/reflexomagnetique.com\/index.php\/wp-json\/wp\/v2\/pages"}],"about":[{"href":"https:\/\/reflexomagnetique.com\/index.php\/wp-json\/wp\/v2\/types\/page"}],"author":[{"embeddable":true,"href":"https:\/\/reflexomagnetique.com\/index.php\/wp-json\/wp\/v2\/users\/1"}],"replies":[{"embeddable":true,"href":"https:\/\/reflexomagnetique.com\/index.php\/wp-json\/wp\/v2\/comments?post=22"}],"version-history":[{"count":161,"href":"https:\/\/reflexomagnetique.com\/index.php\/wp-json\/wp\/v2\/pages\/22\/revisions"}],"predecessor-version":[{"id":1525,"href":"https:\/\/reflexomagnetique.com\/index.php\/wp-json\/wp\/v2\/pages\/22\/revisions\/1525"}],"wp:attachment":[{"href":"https:\/\/reflexomagnetique.com\/index.php\/wp-json\/wp\/v2\/media?parent=22"}],"curies":[{"name":"wp","href":"https:\/\/api.w.org\/{rel}","templated":true}]}}